. Let a = 13 + y. Suppose -4*p = 5*l - 79, a + 97 = 5*p + 2*l. What are the prime factors of p?
3, 7
Let g(b) = -b**3 + 9*b**2 + 14*b - 3. Let y be g(10). Suppose 3*x - u - 21 = 0, -5*x + 3*u - 2*u + y = 0. What are the prime factors of x?
2
Let q(j) = 4*j + 4. What are the prime factors of q(3)?
2
Suppose 2*h + 3 - 11 = 0. Suppose 0*p + 20 = h*p. What are the prime factors of p?
5
Let c be 1167/9 - 12/18. Let h = c - 72. What are the prime factors of h?
3, 19
Suppose 20*q + 98 = 21*q. List the prime factors of q.
2, 7
Let n(v) = v**3 - 5*v**2 - v + 7. Let h be -1 - (-6 - 0)*1. Let t be n(h). What are the prime factors of 4/(-1 + t + 0)?
2
Suppose j + 0*j - 9 = 0. Let k(n) = -n + 10. Let u(x) = -3*x + 29. Let h(t) = 11*k(t) - 4*u(t). List the prime factors of h(j).
3
Let l be (-7)/(-2) + (-4)/8. Let k be 3 + ((-3)/l - -1). Suppose -k*m = -0*m - 21. What are the prime factors of m?
7
Suppose 5*c = 3*m + 27 - 5, 0 = 5*m - 2*c + 24. Let k be 24/(-30)*10/m. Suppose 0*v - k*v = -18. What are the prime factors of v?
3
Suppose -3*i - 4*a = -432, i - 4*a - 106 - 54 = 0. List the prime factors of i.
2, 37
Suppose 4*c - 7*c + 228 = 0. List the prime factors of c.
2, 19
List the prime factors of (3 + 0)*((-850)/(-15) + -2).
2, 41
Let a(u) = -u**3 + 9*u**2 + 5. Let t be a(9). Suppose 0 = -3*s + 2*z + 10, 3*z + 0 - 4 = -t*s. What are the prime factors of s?
2
Suppose 3*k = 50 + 271. List the prime factors of k.
107
Suppose b + 2 = 3*b. Let n = b + -5. List the prime factors of -11*(n - -2 - -1).
11
Suppose -5*l - 10 = 25. Let i be -16 + (1 + 0)*1. Let o = l - i. What are the prime factors of o?
2
Suppose b = -3*b + 20. List the prime factors of 9/(-15)*-1*b.
3
Let b(w) be the first derivative of -w**3/3 - 2*w**2 - 3*w - 1. Let y be b(-3). Let a = 3 - y. What are the prime factors of a?
3
Let x(w) = -w**2 - 2*w - 1. Let n be x(-2). Let t = n + 6. What are the prime factors of t?
5
Suppose 0 = -16*v + 13*v + 15. Let g = v + 31. What are the prime factors of g?
2, 3
Let l(n) be the first derivative of -n**3/3 - 7*n**2/2 - 2*n - 2. Suppose -3*v - 4*h = -3 + 1, -3*h + 27 = -2*v. What are the prime factors of l(v)?
2
Suppose -5*z - 5*b - 65 = 0, -z - 50 = 4*z + 2*b. Let o = z + 16. What are the prime factors of o?
2
Let z(d) = 14*d - 1. Let c be z(-1). Let o = 44 + c. Suppose 4*k = o + 27. List the prime factors of k.
2, 7
Let v = -95 - -210. Let x(z) = -z**2 + 6*z - 4. Let g be x(4). Suppose -v = -g*k - k. List the prime factors of k.
23
Let r = -20 - -14. Let j(b) = -b**2 - 7*b - 3. Let n be j(r). Suppose 0 = 2*v + n*v - 70. List the prime factors of v.
2, 7
Let k(y) = -y + 3. Let f be (-26)/(-6) + (-3)/9. Let o be k(f). List the prime factors of ((-3)/2)/(o/4).
2, 3
Suppose 87 = -3*m + 3*i + 345, 2*i = 4*m - 348. What are the prime factors of m?
2, 11
List the prime factors of (-1023)/(-21) - 6/(-21).
7
Let j = 2 + -4. Suppose 2*k + 1 = 3. Let n = k - j. List the prime factors of n.
3
Suppose -3*d = -4*d + 14. List the prime factors of d.
2, 7
Suppose i - 20 = -4*i. Let a = i + -11. What are the prime factors of a/(-1) - (-2)/(-2)?
2, 3
Let k be -2 + 1*(-2 - -33). Let j = -15 + k. List the prime factors of j.
2, 7
Suppose h + 534 = 3*h. What are the prime factors of h?
3, 89
Let h = 144 + -66. List the prime factors of h.
2, 3, 13
Suppose -1364 = -14*j + 10*j. What are the prime factors of j?
11, 31
Let b be (4 - 4)*(-2)/(-4). Suppose d - 75 + 15 = b. Suppose w = 5*w - d. List the prime factors of w.
3, 5
Let m = 13 - -21. Suppose m = l - 1. What are the prime factors of l?
5, 7
Let b = 47 - 34. Suppose -3*i = 1 - b. What are the prime factors of i?
2
Let l = -54 - -76. List the prime factors of l.
2, 11
Suppose -4*j - 3 = 1. Let p = j + 15. List the prime factors of p.
2, 7
Let r(o) = -8*o**2 - 3*o + 3. Let h be r(-4). Let y = 159 + h. List the prime factors of y.
2, 23
Let s(i) = -9*i. List the prime factors of s(-3).
3
Let j(k) = k**2 + 12*k - 3. Let g be j(-12). Let o be ((-1)/g)/(6/72). Suppose 0 = -v + c + 2*c + 11, o*c + 10 = v. List the prime factors of v.
2, 7
Let k = 81 - 31. List the prime factors of k.
2, 5
Let c = -36 + 74. Suppose -4*j + c = -14. What are the prime factors of j?
13
Suppose 17*h + 209 = 18*h. List the prime factors of h.
11, 19
Let b(i) = -14*i - 2. Let l(u) = 27*u + 4. Let g(z) = -5*b(z) - 3*l(z). What are the prime factors of g(-5)?
53
Suppose -4*m = w - 6, 7*w - 43 = 3*w + 3*m. Let k be 8/2*5/w. What are the prime factors of (-3 + 1)*(-11)/k?
11
Let g(m) = -19*m - 6. Let q(d) = -9*d - 3. Let n(a) = -2*g(a) + 5*q(a). What are the prime factors of n(-2)?
11
Suppose 3*t = -4*n - 42, 0 = 4*n + n. Let x = t + 20. Suppose 3*j + 4*h = x, 3*j + 2*h - 10 = -2*j. List the prime factors of j.
2
Let p(g) = -5*g - 1. Let r(l) = -15*l - 3. Let m(z) = -17*p(z) + 6*r(z). Let t be m(-1). Suppose -d = t, 8 + 7 = -o - 5*d. List the prime factors of o.
5
Let p(x) = -x**3 + 7*x**2 - 5*x - 4. Let a be p(6). Suppose 140 = 7*z - a*z. List the prime factors of z.
2, 7
Suppose 4*p = 5*p + 3*i - 42, -3*p + 121 = 4*i. Let m = -23 + p. List the prime factors of m.
2
Let j(p) = -p**3 - 3*p**2 + 5*p + 7. Let y be j(-4). Suppose -2*h = y*t - 35, 3*t - 5*h = -36 + 106. List the prime factors of t.
3, 5
Suppose 4*h + 48 = -2*w, 2*w + 3*h = -0*h - 46. Let i = w - -35. List the prime factors of i.
3, 5
Suppose 4*b - 168 + 44 = 2*p, 4 = -p. What are the prime factors of b?
29
Suppose -5*k + 303 = 63. What are the prime factors of k?
2, 3
Let g(k) be the first derivative of 0*k**2 - 3 + 5/2*k**4 + 1/3*k**3 + 0*k. What are the prime factors of g(1)?
11
Suppose h + 18 = -w + 6*w, -3*w = -3*h - 18. Suppose -5*q - w*k = 2, 2*k + 1 = -7. Suppose 0 = -5*l + q + 23. What are the prime factors of l?
5
Let q(y) be the second derivative of -y**3/3 - y**2/2 + y. Let g be q(-2). Suppose 0 = -5*n + 2*j + 45, 5*n - g*j - 7 = 33. List the prime factors of n.
11
Let v = -19 + 7. Let g = -5 - v. What are the prime factors of g?
7
List the prime factors of (68/119)/(2/28).
2
Suppose -15 + 3 = -3*j, 0 = s + 5*j - 23. What are the prime factors of s?
3
Let q = -2 + -1. Let i = q - -8. What are the prime factors of i?
5
Let z(v) = v**3 - 5*v**2 - 15*v + 16. List the prime factors of z(7).
3
Suppose 2*m + 2*c + 8 = 4*c, c + 8 = -m. List the prime factors of 56 + m - 2/2.
7
Let q(k) = 2*k**2 + 5*k + 4. Let n be q(-4). Suppose 0 = 3*b - 5 - n. List the prime factors of b.
7
Let q(v) = 2*v**2 - 2*v - 3. Let f(m) = -m - 2. Let n be f(0). List the prime factors of q(n).
3
Suppose 0*g + 3*g - 45 = 0. Suppose 2*t + 5*q - g = t, -3*t = -q - 45. What are the prime factors of t?
3, 5
Suppose 2*f + 157 = 3*x, 2*x - 3*f - 7 = 101. What are the prime factors of x?
3, 17
Let v(j) = j**3 - 3*j**2 + 2*j. Let l be v(3). Suppose 0*o - l = -2*o. What are the prime factors of o?
3
Let f(z) = -6*z**3 + 7*z**2 - 12 + 3 + 9*z + 5*z**3. Let l be f(8). What are the prime factors of (16/24)/(l/(-18))?
2, 3
Suppose 0 = -0*b + 10*b - 2900. What are the prime factors of b?
2, 5, 29
Let s = 32 - -16. Suppose -2*k - 2*k + s = 0. What are the prime factors of k?
2, 3
Suppose -2*z + 62 + 0 = 0. Let k = z + -17. What are the prime factors of k?
2, 7
Let h = 7 + 7. What are the prime factors of h?
2, 7
Suppose 0 = o - 15 - 7. List the prime factors of o.
2, 11
Let r be (-2)/5 + (-22)/(-5). Suppose 5*j - 6 = r*j. What are the prime factors of j?
2, 3
Let l(z) = -2*z**2 - 10 - 3*z + z**2 - 6*z + 4. Let k be (-33)/4 + 4/16. What are the prime factors of l(k)?
2
Let n = -3 - -16. Suppose n = -3*i + 4*i. List the prime factors of i.
13
Suppose 0 = -9*j + 254 + 34. What are the prime factors of j?
2
Suppose -5*q + 12 = -18. Let i(d) = d**2 - 11*d + 4. Let c be i(q). Let v = c + 43. List the prime factors of v.
17
Let r(n) = n**2 + 6*n + 9. Let f(t) = 1. Let o(y) = 4*f(y) - r(y). Let p be o(-4). Suppose 17 = 2*c - x, 3*x - p = 12. What are the prime factors of c?
11
Let x(l) = -l**3 + 3*l**2 + 5*l + 1. Let b be x(4). Suppose 3*f = -3*q - 9, b*f + 4*q + 17 = 6. Suppose 13 - f = 3*g. What are the prime factors of g?
2
Let g = 2 - -4. Suppose -t + g*t = 195. List the prime factors of t.
3, 13
Suppose -146*b + 147*b - 33 = 0. What are the prime factors of b?
3, 11
Let f = -12 - -10. Let v = f + 26. What are the prime factors 